hat is the highest common divisor of 14 and y?
14
Let t(d) = -d**3 - 2*d**2 + d + 6. Let h be t(-3). Calculate the greatest common divisor of h and 3.
3
Suppose 3*o = -36 + 225. Let k = 21 - 14. Calculate the greatest common divisor of o and k.
7
Let x be 1/(-1 + 3/2). Let s = -132 + 136. Calculate the highest common factor of x and s.
2
Let h be 4/(-12)*-3 + 10. What is the greatest common divisor of h and 77?
11
Let s be 6/(-10) - 63/(-5). Suppose -5*f + 263 = 3*a, -f = -3*a + 343 - 50. What is the highest common factor of s and a?
12
Let r(c) = c**3 - 5*c**2 + 5*c - 4. Let p be r(4). Suppose p*h = 2*h + 722. Let f = -251 - h. What is the greatest common divisor of 44 and f?
22
Let i be 6*1/2 + 37. Suppose 0 = 4*p - 2*p - i. What is the greatest common factor of p and 4?
4
Suppose 4*g = 5*g + 2. Let d = 16 + g. Calculate the highest common divisor of 56 and d.
14
Suppose 0 = -2*i - g + 26, 0*i - 5*i + g + 58 = 0. Let b be -2 + 3 - (10 - 1). Let j be (-191)/(-2) - 4/b. Calculate the highest common factor of j and i.
12
Suppose 0*y - 3*y + 340 = -c, -4*c + 122 = y. Let n = 7 + 19. Suppose p + 7 = n. Calculate the greatest common divisor of y and p.
19
Suppose -a - 132 = -2*y - 2*a, -5*y + 2*a + 312 = 0. What is the highest common factor of y and 16?
16
Let o(l) = -22*l - 10. Let z be o(-5). What is the greatest common factor of 25 and z?
25
Let n be (-4)/10 + 24/(-15). Let m = -2 - n. Suppose m = -3*r - 2*r + 35. What is the highest common factor of 49 and r?
7
Suppose 11 = -n + 43. What is the highest common factor of n and 4?
4
Let l = -44 - -73. Let h = 254 + -109. What is the greatest common divisor of h and l?
29
Let s(y) = 2*y**2 - 18*y + 2. Let g be s(9). Let b(x) = -x - 4. Let m be b(-3). Let f be 0/(-3) - (-1 + m). Calculate the highest common factor of f and g.
2
Suppose 0 = -0*h + 5*h + 30. Let u(a) = -4*a - 6. Let z be u(-4). Let s = h + z. Calculate the highest common factor of s and 6.
2
Let u = 5 - 10. Let h = u + 8. Let d = h - 1. Calculate the highest common factor of 14 and d.
2
Let c = -4 + 11. Let z(r) = c*r + 2 - 10*r + 0*r. Let p be z(-4). Calculate the greatest common factor of 7 and p.
7
Let s be 22 + (-3 + 2)*3. Calculate the highest common factor of s and 19.
19
Let v(s) = 2*s**2 + 6*s. Let c be v(-4). What is the highest common factor of c and 4?
4
Let o = 12 - 3. Let g be -4*(270/(-4))/5. What is the highest common divisor of g and o?
9
Let a(l) = -3*l**2 + 2*l - 1. Let i be a(1). Let t be (-72)/15*25/i. Let c = 30 + -6. Calculate the greatest common factor of c and t.
12
Let r(s) = s + 7. Let p be r(14). Let t = -13 + p. Let x be 6/9 + (-68)/(-6). What is the greatest common factor of x and t?
4
Let o(u) = 3*u - 4. Let f(v) = -4*v + 3. Let z(g) = 5*f(g) + 6*o(g). Let y be z(-6). Calculate the greatest common factor of 15 and y.
3
Let o be -2 - (-3 + -45)/4. Suppose 127 = 3*s - 3*m - 92, 0 = 5*m + 15. Calculate the greatest common factor of o and s.
10
Let j = 38 + -71. Let s be (1 - 5)*1*j. What is the highest common divisor of 12 and s?
12
Let y = 9 - 7. Suppose 4*a + 4*q + 28 = y*a, 4*a - 5*q + 4 = 0. Let h be 279/21 - a/(-21). Calculate the highest common factor of h and 91.
13
Let f(w) = w**3 - 3*w**2 + 4*w - 16. Let z be f(7). Calculate the highest common factor of 26 and z.
26
Suppose o = -2*o + 36. Let n = 1 - -2. Suppose 0 = n*l + 16 - 52. What is the highest common factor of o and l?
12
Let q = -29 + 41. Let u be (-5)/(-2)*(-4)/(-5). Suppose 3*y - 3*i = 54, u*y - 3*i = -2*i + 36. What is the greatest common factor of y and q?
6
Let o(l) = 7*l + 8. Let s be (1 + 0)/(3/36). Suppose -4*d + 6*d - s = 0. Let k be o(d). Calculate the highest common factor of 10 and k.
10
Let r = -11 - -15. Suppose -6*o + r = -2*o. What is the highest common divisor of o and 3?
1
Suppose -5*c + 0*h + 56 = 2*h, -5*c + 4*h + 38 = 0. Let l(p) = p**3 - 2*p**2 + p + 3. Let z be l(3). Calculate the highest common divisor of z and c.
5
Let t(q) = q**2 + 105. Suppose 0 = -y + 3*y. Let s be t(y). Suppose -2*f + 3*w + 58 = -f, s = 2*f + 5*w. Calculate the highest common factor of f and 11.
11
Let m be (-4)/(-10) + (-74)/10. Let y be (14/m)/(2/(-166)). Let r = y + -106. What is the highest common factor of 40 and r?
20
Let i(x) be the third derivative of -x**4/4 - 8*x**2. Let t be i(-1). Calculate the greatest common factor of t and 3.
3
Suppose 5*b = 623 - 153. Suppose -2*d + b = 3*d - 4*r, -3*r = 2*d - 33. Let v = d + 125. Calculate the highest common divisor of v and 13.
13
Let x be 4/(-10) - 104/(-10). Let r(i) = i**2 - 8*i + 17. Let s be r(7). What is the greatest common factor of x and s?
10
Suppose -17 = -b + 4. Calculate the highest common factor of 7 and b.
7
Suppose 3*s = 3*a + 12, 14 = 3*s + 2*a - 4*a. Calculate the highest common divisor of s and 24.
6
Let a(k) be the first derivative of -k**3/3 - 6*k**2 - 13*k + 1. Let y be a(-10). Calculate the greatest common divisor of y and 21.
7
Suppose 55 = 2*k + 3*k. Let i(v) = v**2 + 2*v - 11. Let o be i(-11). Calculate the highest common divisor of k and o.
11
Let h be 78/4*8/6. Let m = h - 15. Let s = m + -3. What is the highest common divisor of s and 88?
8
Let n(s) = s**3 + 7*s**2 - s - 3. Let v be n(-6). What is the greatest common factor of 26 and v?
13
Let z(h) = -h**2 + 9*h + 3. Let r be z(3). Calculate the highest common divisor of 168 and r.
21
Let z(k) = 6*k - 3. Let f(j) = 5*j - 3. Let q(c) = 3*f(c) - 2*z(c). Let w be q(17). What is the highest common factor of 24 and w?
24
Let k be (-3 - 38/(-14))*-7. Let c(m) = 3*m**2 + m + 1. Let b be c(k). What is the highest common factor of 10 and b?
5
Let r(i) = 5*i. Let h be r(-9). Let z be h/(-6)*(-162)/(-15). What is the greatest common divisor of 9 and z?
9
Let j be (-312)/(-2) - (-30)/(-10). Calculate the greatest common divisor of j and 17.
17
Let y = 20 - 0. What is the greatest common factor of y and 50?
10
Let z(w) = -6*w**2 - 7*w + 7 + 5*w**2 + 2*w**2. Let f be z(6). Calculate the greatest common factor of 1 and f.
1
Let k(m) = -m**2 - 10*m + 4. Let p be k(-10). Suppose 8*s = p*s + 8. Let z be 4/(-10) - 246/(-15). What is the highest common divisor of s and z?
2
Let l(a) = a**2 + 0*a - 7*a**3 - a - 3*a**2. Let p be l(-1). What is the highest common divisor of 4 and p?
2
Let s be 27/(-216) + 114/16. Calculate the greatest common divisor of 91 and s.
7
Suppose 5*y - 115 = -4*j, -4*y = -0*j - 4*j + 88. What is the greatest common divisor of 5 and j?
5
Suppose p - 9 = -p - i, 5*p = -4*i + 30. Let y be (-6)/(-27) + (-86)/(-18). Calculate the greatest common factor of y and p.
1
Suppose 189 = 5*a - 81. Let d(w) = -6*w - 9. Let o be d(-6). Calculate the highest common divisor of o and a.
27
Suppose -l - 5 = 0, x + 4*l = 2*x - 191. Let h = x + -91. Calculate the greatest common divisor of h and 10.
10
Suppose 143 = 4*a - 237. What is the highest common divisor of a and 19?
19
Let q be ((-182)/42)/(2/(-6)). Calculate the greatest common divisor of 26 and q.
13
Let r be (2*2)/(329/(-56) - -6). What is the highest common divisor of r and 80?
16
Suppose 4*b + 48 = 144. What is the greatest common factor of b and 8?
8
Let m(h) = 3*h**2 + h + 2. Let f(a) = a - 1. Let u(k) = 4*f(k) + m(k). Let j be u(2). What is the greatest common divisor of 4 and j?
4
Let i(v) = -v**2 + 27*v + 9. Let u be i(12). What is the highest common factor of u and 21?
21
Let f = -11 + 21. Suppose 2*l + l + 11 = -4*r, -5*r = -l - f. Calculate the greatest common factor of 3 and r.
1
Let j = 59 + -9. What is the highest common divisor of j and 20?
10
Let q be 4754/(-6) - (-1)/3. Let o = q + 1216. Suppose -2*z - 118 = -o. Calculate the greatest common divisor of z and 17.
17
Suppose -3*q = -14 + 5. Suppose -2*l - 21 = -q*l. Suppose 2*o - 4 = 0, 5 + 6 = 5*g - 2*o. Calculate the highest common factor of g and l.
3
Suppose -58 = -2*v + 10. Suppose l - 2*k - 15 = -3*k, -3*l + 5*k = -61. What is the greatest common divisor of v and l?
17
Let b be (-100)/(-36) + (-4)/(-18). Calculate the greatest common factor of 3 and b.
3
Let h = 26 + -16. Suppose -4*d = -d + 45. Let v be d/(-3)*(2 - 0). What is the greatest common factor of h and v?
10
Let h(u) = 7*u - 22. Let a be h(10). What is the greatest common divisor of 24 and a?
24
Let s = -11 + 6. Let q(f) = 3*f**2 + 4*f -